- 5*s + 4*s = -491. List the prime factors of d.
2, 61
Suppose 2*n - 7 = 7. Suppose -2*o + n = -43. Let h = -7 + o. List the prime factors of h.
2, 3
Let o be (-4 - 7/(-2))*-2. Let x(c) = 11*c + 4. What are the prime factors of x(o)?
3, 5
Suppose 0 = -3*t + y + y + 510, t - 166 = 2*y. What are the prime factors of t?
2, 43
Let h = 63 + -23. Suppose 5*r + h = -50. Let c = -2 - r. List the prime factors of c.
2
Suppose 5*n - 4 = 4*n. Suppose 0 = y + i + n*i - 22, -3*y - 4*i + 22 = 0. Suppose 2*r + y*a - 16 = 28, 3*a + 95 = 4*r. List the prime factors of r.
23
Let p be 5/(-2)*180/(-25). List the prime factors of (-248)/(-6) - (-12)/p.
2, 3, 7
Suppose -3 + 39 = 9*k. Suppose k*j - 3*u - 248 = 0, -2*u = -3*j + 3*u + 186. List the prime factors of j.
2, 31
Let x(u) = -97*u + 6. Let i be x(5). Let k = -239 - i. What are the prime factors of k/42 - 2/(-7)?
2, 3
Let y = -214 + 3615. What are the prime factors of y?
19, 179
Suppose 1915 = 6*g - 473. What are the prime factors of g?
2, 199
Suppose -9*d = -4*d - 2*w - 545, d - 2*w = 109. What are the prime factors of d?
109
Let i(x) be the second derivative of x**5/5 - 5*x**4/12 + 4*x**3/3 - 2*x**2 - 19*x. List the prime factors of i(3).
83
Suppose 5*g + 32 = 5*c + g, -4*c = -g - 19. Suppose 2*h = 0, -k + 11 = c*h - h. Suppose -2*r + 3*r - 3*w - 27 = 0, r + w = k. What are the prime factors of r?
3, 5
Let m = -9337 + 13216. List the prime factors of m.
3, 431
Let r = 833 + -251. List the prime factors of r.
2, 3, 97
List the prime factors of (1312 - (-11 + 22)) + -12.
1289
Let m(r) = -r**3 + r**2 + 157. Let n be m(0). Let i = n + -109. What are the prime factors of i?
2, 3
Let d(m) be the third derivative of m**5/60 + m**4/12 + 4*m**3 - 14*m**2. Suppose 0 = c - 5*l, 4*l = -2*c + c. List the prime factors of d(c).
2, 3
Let u = 285 + 89. Suppose u + 278 = 4*j. List the prime factors of j.
163
Suppose -4*n + n + 1330 = -5*d, -4*n = -3*d - 1755. What are the prime factors of n?
3, 5, 29
Let f = 3034 + -601. What are the prime factors of f?
3, 811
Suppose -250 = 8*r - 1130. Suppose -49 + 313 = 4*p. Let k = r - p. What are the prime factors of k?
2, 11
Suppose 5*w + 3*g + 606 - 1667 = 0, 5*g = 3*w - 657. List the prime factors of w.
2, 107
Let c be (2/2)/(1/(-4)). Let x be (-2 - c) + (4 - 3). What are the prime factors of 58*x/(-6)*-1?
29
Suppose 3330 = 31*o + 14*o. Let x be 246/(-8) + (-2)/8. Let s = o + x. What are the prime factors of s?
43
Let m be ((-9)/18)/((-2)/48). Let c be 0 + 2 - m/2. Let f(d) = -d + 1. What are the prime factors of f(c)?
5
Suppose -337 = 5*l - 0*l - 3*k, -3*k = 4*l + 275. Let s(x) = -54*x + 10. Let m be s(-2). Let c = m + l. What are the prime factors of c?
2, 5
Let u(c) = c**2 - 7*c + 8. Let h be u(6). Suppose -6*b + 896 = -h*b. List the prime factors of b.
2, 7
Suppose -165 - 85 = -5*k. Let n = 128 - k. What are the prime factors of n?
2, 3, 13
Let h = 42 - -1295. List the prime factors of h.
7, 191
Suppose -p = 5*o + 72, -113 - 23 = 2*p + 2*o. Let f = 7 - p. List the prime factors of f.
2, 37
Suppose 22*u + 17*u - 43*u = 0. Suppose -o + 2*d = -82, u*d = -2*o + 5*d + 164. What are the prime factors of o?
2, 41
Let w = 190 + -65. List the prime factors of w.
5
Let m(q) = -q**3 + 5*q**2 - q - 2. Let x be m(5). Let y = 16 + x. Let n = 62 - y. List the prime factors of n.
53
Let q(x) = -4*x - 39. Let l be q(22). Let v = -58 - l. List the prime factors of v.
3, 23
Suppose 8754 = -66*x + 69*x. List the prime factors of x.
2, 1459
Suppose -12*k + 2563 - 199 = 0. List the prime factors of k.
197
Let q(s) = -3*s**2 - 2*s**2 + 4 - 5. Let t be q(2). List the prime factors of (-1 + -1)*t/6.
7
Suppose 0 = c - 3*r - 791, 1987 = 3*c - r - 426. List the prime factors of c.
2, 13, 31
Suppose 3*a = d - 126, 2*d - 37 = a + 225. Let j(f) = 3*f**2 - 3*f + 7. Let z be j(5). Let i = d - z. List the prime factors of i.
5, 13
Suppose 5*t = j - 3130, -10926 = -5*j - 3*t + 4808. List the prime factors of j.
5, 17, 37
Suppose 4*o - 4 = 3*i, 0 = -2*i + o + 1 + 3. Suppose 0 = i*v - 9*v + 305. Suppose -41 - v = -3*g. List the prime factors of g.
2, 17
Let h(u) = 7*u**3 - u**2 - 2*u - 1. Let m = 13 - 14. Let j be h(m). What are the prime factors of 14/j*46/(-4)?
23
List the prime factors of (-1)/((18/(-4713))/6) - 1.
2, 5, 157
Let z(k) = k**2 + 18*k + 20. Let n be z(-16). What are the prime factors of 54*(28/n - -3)?
2, 3
Let f be 37 - (-1 - 1 - -2). Suppose 15*s - 64 = -4. What are the prime factors of f - s*1/2?
5, 7
List the prime factors of 379/((-7)/1*6/(-42)).
379
Let z(p) = -p**3 + 6*p**2 + 6*p. Let l = -31 - -47. Suppose 3*c - 2 = -2*m + l, -m = -3*c + 18. What are the prime factors of z(c)?
2, 3
Suppose 5*h - 51 = 3*w + 96, 73 = 3*h + 2*w. Let c = 36 - h. What are the prime factors of c?
3
Let w(y) = 9 + 31 + y**2 - 12 - y. What are the prime factors of w(0)?
2, 7
Suppose -t - 4*t = 0. Suppose -2*z - 6 = t, 0 = v + 4*v - 4*z - 12. Suppose v*i = -i + 34. What are the prime factors of i?
2, 17
Let o = -41 - -45. Suppose -o*t + 98 + 108 = 2*p, p + t = 100. List the prime factors of p.
97
Suppose -5*x - 370 = -u, 2*u - 3*x = -8*x + 710. What are the prime factors of u?
2, 3, 5
Let x be -4 + 1 + (-702)/(-6). Suppose 5*o = 3*a - 78 - 117, -x = -2*a - 2*o. List the prime factors of a.
2, 3, 5
Suppose -4*n = -2*n + 90. Let c = 114 + n. List the prime factors of c.
3, 23
Let u(w) = -7*w - 6. Let s(b) = b**3 - b - 5. Let q be s(0). Let l be u(q). Let a = l - -8. What are the prime factors of a?
37
Let h(w) = 60*w - 99. List the prime factors of h(23).
3, 7, 61
What are the prime factors of 10/(120/18)*(-12832)/(-6)?
2, 401
Let l = -16 + 51. Suppose 5*j = 5*n + l, 5*n - 1 = -3*j - 4. Suppose 54 = p + 2*p + j*o, -5*p + 3*o = -61. What are the prime factors of p?
2, 7
Let v = 3032 + -2025. List the prime factors of v.
19, 53
Let h be (3 + 7/(-2))*-10. Suppose 0 = -h*w + 2*w. Let n = w - -11. What are the prime factors of n?
11
Suppose -3*w - 5*g = -3822, 3*w + 1957 - 5806 = 4*g. List the prime factors of w.
1279
Let v(y) = 216*y**3 - 1. Let u be v(-1). What are the prime factors of 9/(-18) - u/2?
2, 3
List the prime factors of 3214*(-9)/(-30) - (-48)/60.
5, 193
Suppose -3*i + i - 1925 = -5*k, -3*k + i = -1156. List the prime factors of k.
3, 43
Suppose -5*s - 77 = 28. Let h = -17 - s. Suppose -3*d = h*c - 206, 6*d = 3*c + d - 169. What are the prime factors of c?
53
Suppose 0 = 4*z + 8 - 16. Suppose 4*x - 734 - 254 = z*q, -q - 247 = -x. What are the prime factors of x?
13, 19
Let j(x) = 21*x + 1. Let a be j(-3). Let o = a - -111. List the prime factors of o.
7
Suppose 6*q = -8*q + 7252. List the prime factors of q.
2, 7, 37
Let c(q) = 59*q**3 - 2*q**2 + 10*q - 8. What are the prime factors of c(3)?
1597
Suppose -4*q = -232 - 304. Suppose 3*p = -q + 329. List the prime factors of p.
5, 13
Let t(m) = m**2 - 3*m - 10. Let b be t(-7). Suppose -b = -z - z. Let p = z - 12. What are the prime factors of p?
2, 3
Let j(l) = 5*l - 2. Let g be j(1). Suppose 195 = -5*y + v + g*v, 20 = 4*v. Let x = 67 + y. What are the prime factors of x?
2
Suppose -q - 2*q + q = 0. What are the prime factors of 6*(-6 - -43)/(q - -3)?
2, 37
Suppose -5844 = -11*u - 1488. List the prime factors of u.
2, 3, 11
Let t(a) = -a. Let s(x) = -23*x - 1. Let g(l) = s(l) - 5*t(l). Let r be g(4). Let p = -40 - r. List the prime factors of p.
3, 11
Suppose 0 = m - 149 + 4. Suppose -m = -5*b - 30. List the prime factors of b.
23
Let u = -433 - -1129. What are the prime factors of u?
2, 3, 29
What are the prime factors of -2 + -38*22/(-4)?
3, 23
Suppose 1100 = 14*o - 18*o. Let y = 483 + o. List the prime factors of y.
2, 13
Let k = 7 - 2. Suppose b + 47 = -k*y + 322, 4*y - 206 = 2*b. Suppose 0 = -l - 2*l + y. What are the prime factors of l?
2, 3
Suppose 2*m = r - 82, -5*r = -2*r - 3*m - 246. Suppose 4*k - 135 = 5*p + r, 5*k - 5*p = 275. Suppose -4*q + k + 22 = 0. What are the prime factors of q?
2, 5
Let s(i) = -4*i + 45. Let y(x) = -x + 1. Let n(u) = s(u) - y(u). List the prime factors of n(10).
2, 7
Let s(y) = 31*y**2 - 16*y + 89. List the prime factors of s(8).
5, 389
Suppose 0 = -4*n - 3*c - 4, -4*n + 4*c - 18 = 14. Let s(i) = -4*i - 4. List the prime factors of s(n).
2, 3
Suppose 4*r = 3*m - m + 8706, -4363 = -2*r + 3*m. List the prime factors of r.
2,